s digit of 164231434?
1
What is the hundreds digit of 125992136?
1
What is the tens digit of 37173823?
2
What is the ten millions digit of 2485771110?
8
What is the thousands digit of 264924315?
4
What is the tens digit of 258555846?
4
What is the thousands digit of 38586126?
6
What is the tens digit of 118868180?
8
What is the ten thousands digit of 43385281?
8
What is the units digit of 5140417778?
8
What is the hundred thousands digit of 153981236?
9
What is the hundred thousands digit of 619637432?
6
What is the tens digit of 38944387?
8
What is the units digit of 77885760?
0
What is the units digit of 714065801?
1
What is the hundreds digit of 81236391?
3
What is the hundred millions digit of 575651155?
5
What is the units digit of 3883683638?
8
What is the millions digit of 59587069?
9
What is the units digit of 78699503?
3
What is the billions digit of 1793236965?
1
What is the thousands digit of 1768946763?
6
What is the hundreds digit of 3294489106?
1
What is the hundred thousands digit of 1653577671?
5
What is the ten thousands digit of 84965449?
6
What is the hundreds digit of 16671352?
3
What is the ten thousands digit of 300444846?
4
What is the hundreds digit of 26289048?
0
What is the hundreds digit of 105693749?
7
What is the hundreds digit of 108027637?
6
What is the ten thousands digit of 556427946?
2
What is the billions digit of 1233710061?
1
What is the hundred thousands digit of 548769956?
7
What is the millions digit of 50929683?
0
What is the hundred millions digit of 2527942860?
5
What is the hundred millions digit of 232920316?
2
What is the tens digit of 1077300161?
6
What is the hundred millions digit of 117672195?
1
What is the tens digit of 481560720?
2
What is the ten thousands digit of 5274122873?
2
What is the tens digit of 15118031?
3
What is the tens digit of 691053105?
0
What is the millions digit of 589302183?
9
What is the ten thousands digit of 14934964?
3
What is the ten millions digit of 21965235?
2
What is the hundreds digit of 216211218?
2
What is the hundred thousands digit of 1902708204?
7
What is the hundreds digit of 71135369?
3
What is the ten thousands digit of 38927476?
2
What is the hundred millions digit of 725088383?
7
What is the ten millions digit of 392966405?
9
What is the ten millions digit of 676260194?
7
What is the millions digit of 58173426?
8
What is the ten thousands digit of 32254881?
5
What is the millions digit of 61409303?
1
What is the thousands digit of 497610369?
0
What is the millions digit of 130212842?
0
What is the units digit of 71888631?
1
What is the hundreds digit of 2572130438?
4
What is the hundred millions digit of 147266519?
1
What is the hundred thousands digit of 124508115?
5
What is the units digit of 867113949?
9
What is the hundred thousands digit of 63439780?
4
What is the units digit of 1830009012?
2
What is the hundred millions digit of 391492983?
3
What is the hundreds digit of 66159216?
2
What is the ten millions digit of 777983817?
7
What is the millions digit of 13931045?
3
What is the thousands digit of 57097842?
7
What is the tens digit of 476431180?
8
What is the hundreds digit of 168330451?
4
What is the tens digit of 170199029?
2
What is the ten millions digit of 34445303?
3
What is the units digit of 182521374?
4
What is the millions digit of 3888907300?
8
What is the thousands digit of 308325396?
5
What is the hundred thousands digit of 2401185287?
1
What is the hundreds digit of 801783586?
5
What is the hundred millions digit of 1246910587?
2
What is the millions digit of 943858179?
3
What is the hundreds digit of 158822445?
4
What is the tens digit of 98541082?
8
What is the ten thousands digit of 2158348454?
4
What is the millions digit of 83247892?
3
What is the billions digit of 3107620975?
3
What is the ten thousands digit of 59924459?
2
What is the tens digit of 7378180288?
8
What is the thousands digit of 193092839?
2
What is the hundred thousands digit of 265127952?
1
What is the billions digit of 1171454358?
1
What is the units digit of 351492949?
9
What is the units digit of 790686108?
8
What is the thousands digit of 989159303?
9
What is the tens digit of 49403235?
3
What is the thousands digit of 94539158?
9
What is the hundred thousands digit of 84776128?
7
What is the hundred thousands digit of 150037772?
0
What is the ten millions digit of 1382839493?
8
What is the billions digit of 2217946441?
2
What is the hundred thousands digit of 213635018?
6
What is the units digit of 5374968799?
9
What is the thousands digit of 940471080?
1
What is the millions digit of 457649841?
7
What is the units digit of 43892496?
6
What is the thousands digit of 80636985?
6
What is the millions digit of 12066319?
2
What is the tens digit of 202476517?
1
What is the hundreds digit of 16041598?
5
What is the tens digit of 465026170?
7
What is the ten thousands digit of 6003840?
0
What is the ten millions digit of 173085998?
7
What is the thousands digit of 521061016?
1
What is the ten millions digit of 247224319?
4
What is the tens digit of 2491378450?
5
What is the millions digit of 184196912?
4
What is the thousands digit of 62834764?
4
What is the hundred millions digit of 4634665293?
6
What is the units digit of 543225052?
2
What is the hundreds digit of 1060636793?
7
What is the ten millions digit of 4204707661?
0
What is the ten millions digit of 82259731?
8
What is the ten thousands digit of 367384221?
8
What is the tens digit of 2250959828?
2
What is the units digit of 472948828?
8
What is the hundreds digit of 38521936?
9
What is the tens digit of 768683614?
1
What is the millions digit of 50385798?
0
What is the hundreds digit of 14348268?
2
What is the tens digit of 1418048838?
3
What is the millions digit of 1656589?
1
What is the hundreds digit of 14076181?
1
What is the billions digit of 1712162797?
1
What is the hundred millions digit of 1414469442?
4
What is the hundreds digit of 734021255?
2
What is the hundred thousands digit of 184703726?
7
What is the units digit of 903435804?
4
What is the ten thousands digit of 10632658?
3
What is the millions digit of 5387873722?
7
What is the tens digit of 53038635?
3
What is the ten millions digit of 138657834?
3
What is the units digit of 2894934217?
7
What is the hundred thousands digit of 3534471107?
4
What is the ten millions digit of 66461628?
6
What is the units digit of 93940573?
3
What is the units digit of 9908520?
0
What is the tens digit of 86733220?
2
What is the millions digit of 336363730?
6
What is the tens digit of 66460890?
9
What is the hundred millions digit of 274470668?
2
What is the tens digit of 357575704?
0
What is the tens digit of 31086659?
5
What is the hundreds digit of 4033850775?
7
What is the hundreds digit of 486580408?
4
What is the billions digit of 1484479271?
1
What is the hundreds digit of 46472949?
9
What is the thousands digit of 41265642?
5
What is the millions digit of 42923429?
2
What is the ten millions digit of 462010633?
6
What is the ten thousands digit of 41971239?
7
What is the hundreds digit of 57158997?
9
What is the thousands digit of 217838677?
8
What is the thousands digit of 995240514?
0
What is the billions digit of 1433508706?
1
What is the hundreds digit of 49854839?
8
What is the ten millions digit of 568207643?
6
What is the ten millions digit of 141007013?
4
What is the ten millions digit of 162433705?
6
What is the hundreds digit of 131519308?
3
What is the hundreds digit of 1520664658?
6
What is the ten millions digit of 663501714?
6
What is the ten thousands digit of 2017764615?
6
What is the tens digit of 301540980?
8
What is the ten thousands digit of 7125692047?
9
What is the tens digit of 545655854?
5
What is the units digit of 2479744837?
7
What is the hundred millions digit of 1523478079?
5
What is the ten thousands digit of 309234977?
3
What is the thousands digit of 505312309?
2
What is the millions digit of 179663804?
9
What is the units digit of 345907686?
6
What is the ten millions digit of 219662897?
1
What is the tens digit of 339685942?
4
What is the hundreds digit of 93436863?
8
What is the thousands digit of 473334814?
4
What is the hundred millions digit of 704465134?
7
What is the thousands digit of 50014867